{"id":1248,"date":"2024-02-29T14:01:31","date_gmt":"2024-02-29T13:01:31","guid":{"rendered":"https:\/\/www.sylvieverdi-communication.fr\/boutique\/?post_type=product&#038;p=1248"},"modified":"2024-04-10T14:11:33","modified_gmt":"2024-04-10T12:11:33","slug":"audit-referencement","status":"publish","type":"product","link":"https:\/\/www.sylvieverdi-communication.fr\/boutique\/services\/audit-referencement\/","title":{"rendered":"Audit de R\u00e9f\u00e9rencement"},"content":{"rendered":"<p>L\u2019<strong>Audit de R\u00e9f\u00e9rencement<\/strong> analyse votre site web et permet d\u2019<strong>identifier les facteurs bloquants<\/strong> qui entravent le bon positionnement de votre site dans les SERP. Il fait <strong>un point global<\/strong> sur le <strong>r\u00e9f\u00e9rencement inline<\/strong> et <strong>offline<\/strong>\u00a0de votre site. L&#8217;objectif de l&#8217;Audit de R\u00e9f\u00e9rencement est de pr\u00e9coniser les <strong>am\u00e9liorations<\/strong> \u00e0 r\u00e9aliser sur les pages du site pour <strong>mieux les positionner<\/strong> dans les r\u00e9sultats de recherches sur <strong>Google, Bing &#038; Yahoo<em>!<\/em><\/strong>.<\/p>\n<p>En savoir plus ? Pour consulter ce contenu, merci de vous <a href=\"https:\/\/www.sylvieverdi-communication.fr\/boutique\/registration\/\">enregistrer<\/a> et recevez <strong>gratuitement<\/strong> le <em>\u00ab Guide de l'achat d'un site Web \u00bb<\/em>.<\/p>\n","protected":false},"excerpt":{"rendered":"<p>L\u2019<strong>Audit de R\u00e9f\u00e9rencement<\/strong> analyse les <strong>points forts<\/strong> et les <strong>points faibles<\/strong> de votre site internet. Votre site internet est <strong>difficile \u00e0 trouver<\/strong> ? Vous avez peu ou <strong>pas de contacts<\/strong> via votre site ? Vos <strong>concurrents<\/strong> apparaissent <strong>avant vous<\/strong> dans les r\u00e9sultats ? L&#8217;Audit de R\u00e9f\u00e9rencement va d\u00e9tecter les erreurs et les manques et pr\u00e9coniser <strong>les actions \u00e0 mener<\/strong>.<\/br><br \/>\n[membre] Besoin d&#8217;un Audit en R\u00e9f\u00e9rencement pour votre site autre que WordPress ou Wix ? <a href=\"https:\/\/www.sylvieverdi-communication.fr\/contact\/\">Contactez<\/a> Sylvie et pr\u00e9cisez votre demande. [\/membre]<\/p>\n","protected":false},"featured_media":1477,"template":"","meta":{"_kadence_starter_templates_imported_post":true,"_kad_post_transparent":"default","_kad_post_title":"","_kad_post_layout":"default","_kad_post_sidebar_id":"","_kad_post_content_style":"default","_kad_post_vertical_padding":"default","_kad_post_feature":"","_kad_post_feature_position":"","_kad_post_header":false,"_kad_post_footer":false,"_kad_post_classname":""},"product_brand":[],"product_cat":[33],"product_tag":[],"class_list":{"0":"post-1248","1":"product","2":"type-product","3":"status-publish","4":"has-post-thumbnail","6":"product_cat-referencement","7":"wcpa_has_options","9":"first","10":"instock","11":"sold-individually","12":"shipping-taxable","13":"purchasable","14":"product-type-variable","15":"entry","16":"content-bg","17":"loop-entry"},"yoast_head":"<!-- This site is optimized with the Yoast SEO plugin v27.2 - https:\/\/yoast.com\/product\/yoast-seo-wordpress\/ -->\n<title>Audit de R\u00e9f\u00e9rencement - Boutique Verdi Communication<\/title>\n<meta name=\"description\" content=\"L\u2019Audit de R\u00e9f\u00e9rencement analyse votre site web et identifie les facteurs bloquants qui entravent le bon positionnement de votre site dans les SERP...\" \/>\n<meta name=\"robots\" content=\"index, follow, max-snippet:-1, max-image-preview:large, max-video-preview:-1\" \/>\n<link rel=\"canonical\" href=\"https:\/\/www.sylvieverdi-communication.fr\/boutique\/services\/audit-referencement\/\" \/>\n<meta property=\"og:locale\" content=\"fr_FR\" \/>\n<meta property=\"og:type\" content=\"article\" \/>\n<meta property=\"og:title\" content=\"Audit de R\u00e9f\u00e9rencement - Boutique Verdi Communication\" \/>\n<meta property=\"og:description\" content=\"L\u2019Audit de R\u00e9f\u00e9rencement analyse votre site web et identifie les facteurs bloquants qui entravent le bon positionnement de votre site dans les SERP...\" \/>\n<meta property=\"og:url\" content=\"https:\/\/www.sylvieverdi-communication.fr\/boutique\/services\/audit-referencement\/\" \/>\n<meta property=\"og:site_name\" content=\"Boutique Verdi Communication\" \/>\n<meta property=\"article:publisher\" content=\"https:\/\/www.facebook.com\/sylvieverdicommunication\" \/>\n<meta property=\"article:modified_time\" content=\"2024-04-10T12:11:33+00:00\" \/>\n<meta property=\"og:image\" content=\"https:\/\/www.sylvieverdi-communication.fr\/boutique\/wp-content\/uploads\/2024\/03\/audit-referencement.jpg\" \/>\n\t<meta property=\"og:image:width\" content=\"529\" \/>\n\t<meta property=\"og:image:height\" content=\"800\" \/>\n\t<meta property=\"og:image:type\" content=\"image\/jpeg\" \/>\n<meta name=\"twitter:card\" content=\"summary_large_image\" \/>\n<meta name=\"twitter:site\" content=\"@Sylvie_Verdi\" \/>\n<meta name=\"twitter:label1\" content=\"Dur\u00e9e de lecture estim\u00e9e\" \/>\n\t<meta name=\"twitter:data1\" content=\"2 minutes\" \/>\n<script type=\"application\/ld+json\" class=\"yoast-schema-graph\">{\"@context\":\"https:\/\/schema.org\",\"@graph\":[{\"@type\":\"WebPage\",\"@id\":\"https:\/\/www.sylvieverdi-communication.fr\/boutique\/services\/audit-referencement\/\",\"url\":\"https:\/\/www.sylvieverdi-communication.fr\/boutique\/services\/audit-referencement\/\",\"name\":\"Audit de R\u00e9f\u00e9rencement - Boutique Verdi Communication\",\"isPartOf\":{\"@id\":\"https:\/\/www.sylvieverdi-communication.fr\/boutique\/#website\"},\"primaryImageOfPage\":{\"@id\":\"https:\/\/www.sylvieverdi-communication.fr\/boutique\/services\/audit-referencement\/#primaryimage\"},\"image\":{\"@id\":\"https:\/\/www.sylvieverdi-communication.fr\/boutique\/services\/audit-referencement\/#primaryimage\"},\"thumbnailUrl\":\"https:\/\/www.sylvieverdi-communication.fr\/boutique\/wp-content\/uploads\/2024\/03\/audit-referencement.jpg\",\"datePublished\":\"2024-02-29T13:01:31+00:00\",\"dateModified\":\"2024-04-10T12:11:33+00:00\",\"description\":\"L\u2019Audit de R\u00e9f\u00e9rencement analyse votre site web et identifie les facteurs bloquants qui entravent le bon positionnement de votre site dans les SERP...\",\"breadcrumb\":{\"@id\":\"https:\/\/www.sylvieverdi-communication.fr\/boutique\/services\/audit-referencement\/#breadcrumb\"},\"inLanguage\":\"fr-FR\",\"potentialAction\":[{\"@type\":\"ReadAction\",\"target\":[\"https:\/\/www.sylvieverdi-communication.fr\/boutique\/services\/audit-referencement\/\"]}]},{\"@type\":\"ImageObject\",\"inLanguage\":\"fr-FR\",\"@id\":\"https:\/\/www.sylvieverdi-communication.fr\/boutique\/services\/audit-referencement\/#primaryimage\",\"url\":\"https:\/\/www.sylvieverdi-communication.fr\/boutique\/wp-content\/uploads\/2024\/03\/audit-referencement.jpg\",\"contentUrl\":\"https:\/\/www.sylvieverdi-communication.fr\/boutique\/wp-content\/uploads\/2024\/03\/audit-referencement.jpg\",\"width\":529,\"height\":800,\"caption\":\"audit-referencement\"},{\"@type\":\"BreadcrumbList\",\"@id\":\"https:\/\/www.sylvieverdi-communication.fr\/boutique\/services\/audit-referencement\/#breadcrumb\",\"itemListElement\":[{\"@type\":\"ListItem\",\"position\":1,\"name\":\"Accueil\",\"item\":\"https:\/\/www.sylvieverdi-communication.fr\/boutique\/\"},{\"@type\":\"ListItem\",\"position\":2,\"name\":\"La Boutique Services\",\"item\":\"https:\/\/www.sylvieverdi-communication.fr\/boutique\/\"},{\"@type\":\"ListItem\",\"position\":3,\"name\":\"Audit de R\u00e9f\u00e9rencement\"}]},{\"@type\":\"WebSite\",\"@id\":\"https:\/\/www.sylvieverdi-communication.fr\/boutique\/#website\",\"url\":\"https:\/\/www.sylvieverdi-communication.fr\/boutique\/\",\"name\":\"Boutique Verdi Communication\",\"description\":\"Services Web 100% humains\",\"publisher\":{\"@id\":\"https:\/\/www.sylvieverdi-communication.fr\/boutique\/#organization\"},\"potentialAction\":[{\"@type\":\"SearchAction\",\"target\":{\"@type\":\"EntryPoint\",\"urlTemplate\":\"https:\/\/www.sylvieverdi-communication.fr\/boutique\/?s={search_term_string}\"},\"query-input\":{\"@type\":\"PropertyValueSpecification\",\"valueRequired\":true,\"valueName\":\"search_term_string\"}}],\"inLanguage\":\"fr-FR\"},{\"@type\":\"Organization\",\"@id\":\"https:\/\/www.sylvieverdi-communication.fr\/boutique\/#organization\",\"name\":\"Boutique Services Verdi Communication\",\"url\":\"https:\/\/www.sylvieverdi-communication.fr\/boutique\/\",\"logo\":{\"@type\":\"ImageObject\",\"inLanguage\":\"fr-FR\",\"@id\":\"https:\/\/www.sylvieverdi-communication.fr\/boutique\/#\/schema\/logo\/image\/\",\"url\":\"https:\/\/www.sylvieverdi-communication.fr\/boutique\/wp-content\/uploads\/2024\/02\/Logo-verdi-communication-noir-2.png\",\"contentUrl\":\"https:\/\/www.sylvieverdi-communication.fr\/boutique\/wp-content\/uploads\/2024\/02\/Logo-verdi-communication-noir-2.png\",\"width\":54,\"height\":60,\"caption\":\"Boutique Services Verdi Communication\"},\"image\":{\"@id\":\"https:\/\/www.sylvieverdi-communication.fr\/boutique\/#\/schema\/logo\/image\/\"},\"sameAs\":[\"https:\/\/www.facebook.com\/sylvieverdicommunication\",\"https:\/\/x.com\/Sylvie_Verdi\",\"https:\/\/www.linkedin.com\/in\/sylvieverdi\/\"]}]}<\/script>\n<!-- \/ Yoast SEO plugin. -->","yoast_head_json":{"title":"Audit de R\u00e9f\u00e9rencement - Boutique Verdi Communication","description":"L\u2019Audit de R\u00e9f\u00e9rencement analyse votre site web et identifie les facteurs bloquants qui entravent le bon positionnement de votre site dans les SERP...","robots":{"index":"index","follow":"follow","max-snippet":"max-snippet:-1","max-image-preview":"max-image-preview:large","max-video-preview":"max-video-preview:-1"},"canonical":"https:\/\/www.sylvieverdi-communication.fr\/boutique\/services\/audit-referencement\/","og_locale":"fr_FR","og_type":"article","og_title":"Audit de R\u00e9f\u00e9rencement - Boutique Verdi Communication","og_description":"L\u2019Audit de R\u00e9f\u00e9rencement analyse votre site web et identifie les facteurs bloquants qui entravent le bon positionnement de votre site dans les SERP...","og_url":"https:\/\/www.sylvieverdi-communication.fr\/boutique\/services\/audit-referencement\/","og_site_name":"Boutique Verdi Communication","article_publisher":"https:\/\/www.facebook.com\/sylvieverdicommunication","article_modified_time":"2024-04-10T12:11:33+00:00","og_image":[{"width":529,"height":800,"url":"https:\/\/www.sylvieverdi-communication.fr\/boutique\/wp-content\/uploads\/2024\/03\/audit-referencement.jpg","type":"image\/jpeg"}],"twitter_card":"summary_large_image","twitter_site":"@Sylvie_Verdi","twitter_misc":{"Dur\u00e9e de lecture estim\u00e9e":"2 minutes"},"schema":{"@context":"https:\/\/schema.org","@graph":[{"@type":"WebPage","@id":"https:\/\/www.sylvieverdi-communication.fr\/boutique\/services\/audit-referencement\/","url":"https:\/\/www.sylvieverdi-communication.fr\/boutique\/services\/audit-referencement\/","name":"Audit de R\u00e9f\u00e9rencement - Boutique Verdi Communication","isPartOf":{"@id":"https:\/\/www.sylvieverdi-communication.fr\/boutique\/#website"},"primaryImageOfPage":{"@id":"https:\/\/www.sylvieverdi-communication.fr\/boutique\/services\/audit-referencement\/#primaryimage"},"image":{"@id":"https:\/\/www.sylvieverdi-communication.fr\/boutique\/services\/audit-referencement\/#primaryimage"},"thumbnailUrl":"https:\/\/www.sylvieverdi-communication.fr\/boutique\/wp-content\/uploads\/2024\/03\/audit-referencement.jpg","datePublished":"2024-02-29T13:01:31+00:00","dateModified":"2024-04-10T12:11:33+00:00","description":"L\u2019Audit de R\u00e9f\u00e9rencement analyse votre site web et identifie les facteurs bloquants qui entravent le bon positionnement de votre site dans les SERP...","breadcrumb":{"@id":"https:\/\/www.sylvieverdi-communication.fr\/boutique\/services\/audit-referencement\/#breadcrumb"},"inLanguage":"fr-FR","potentialAction":[{"@type":"ReadAction","target":["https:\/\/www.sylvieverdi-communication.fr\/boutique\/services\/audit-referencement\/"]}]},{"@type":"ImageObject","inLanguage":"fr-FR","@id":"https:\/\/www.sylvieverdi-communication.fr\/boutique\/services\/audit-referencement\/#primaryimage","url":"https:\/\/www.sylvieverdi-communication.fr\/boutique\/wp-content\/uploads\/2024\/03\/audit-referencement.jpg","contentUrl":"https:\/\/www.sylvieverdi-communication.fr\/boutique\/wp-content\/uploads\/2024\/03\/audit-referencement.jpg","width":529,"height":800,"caption":"audit-referencement"},{"@type":"BreadcrumbList","@id":"https:\/\/www.sylvieverdi-communication.fr\/boutique\/services\/audit-referencement\/#breadcrumb","itemListElement":[{"@type":"ListItem","position":1,"name":"Accueil","item":"https:\/\/www.sylvieverdi-communication.fr\/boutique\/"},{"@type":"ListItem","position":2,"name":"La Boutique Services","item":"https:\/\/www.sylvieverdi-communication.fr\/boutique\/"},{"@type":"ListItem","position":3,"name":"Audit de R\u00e9f\u00e9rencement"}]},{"@type":"WebSite","@id":"https:\/\/www.sylvieverdi-communication.fr\/boutique\/#website","url":"https:\/\/www.sylvieverdi-communication.fr\/boutique\/","name":"Boutique Verdi Communication","description":"Services Web 100% humains","publisher":{"@id":"https:\/\/www.sylvieverdi-communication.fr\/boutique\/#organization"},"potentialAction":[{"@type":"SearchAction","target":{"@type":"EntryPoint","urlTemplate":"https:\/\/www.sylvieverdi-communication.fr\/boutique\/?s={search_term_string}"},"query-input":{"@type":"PropertyValueSpecification","valueRequired":true,"valueName":"search_term_string"}}],"inLanguage":"fr-FR"},{"@type":"Organization","@id":"https:\/\/www.sylvieverdi-communication.fr\/boutique\/#organization","name":"Boutique Services Verdi Communication","url":"https:\/\/www.sylvieverdi-communication.fr\/boutique\/","logo":{"@type":"ImageObject","inLanguage":"fr-FR","@id":"https:\/\/www.sylvieverdi-communication.fr\/boutique\/#\/schema\/logo\/image\/","url":"https:\/\/www.sylvieverdi-communication.fr\/boutique\/wp-content\/uploads\/2024\/02\/Logo-verdi-communication-noir-2.png","contentUrl":"https:\/\/www.sylvieverdi-communication.fr\/boutique\/wp-content\/uploads\/2024\/02\/Logo-verdi-communication-noir-2.png","width":54,"height":60,"caption":"Boutique Services Verdi Communication"},"image":{"@id":"https:\/\/www.sylvieverdi-communication.fr\/boutique\/#\/schema\/logo\/image\/"},"sameAs":["https:\/\/www.facebook.com\/sylvieverdicommunication","https:\/\/x.com\/Sylvie_Verdi","https:\/\/www.linkedin.com\/in\/sylvieverdi\/"]}]}},"_links":{"self":[{"href":"https:\/\/www.sylvieverdi-communication.fr\/boutique\/wp-json\/wp\/v2\/product\/1248","targetHints":{"allow":["GET"]}}],"collection":[{"href":"https:\/\/www.sylvieverdi-communication.fr\/boutique\/wp-json\/wp\/v2\/product"}],"about":[{"href":"https:\/\/www.sylvieverdi-communication.fr\/boutique\/wp-json\/wp\/v2\/types\/product"}],"wp:featuredmedia":[{"embeddable":true,"href":"https:\/\/www.sylvieverdi-communication.fr\/boutique\/wp-json\/wp\/v2\/media\/1477"}],"wp:attachment":[{"href":"https:\/\/www.sylvieverdi-communication.fr\/boutique\/wp-json\/wp\/v2\/media?parent=1248"}],"wp:term":[{"taxonomy":"product_brand","embeddable":true,"href":"https:\/\/www.sylvieverdi-communication.fr\/boutique\/wp-json\/wp\/v2\/product_brand?post=1248"},{"taxonomy":"product_cat","embeddable":true,"href":"https:\/\/www.sylvieverdi-communication.fr\/boutique\/wp-json\/wp\/v2\/product_cat?post=1248"},{"taxonomy":"product_tag","embeddable":true,"href":"https:\/\/www.sylvieverdi-communication.fr\/boutique\/wp-json\/wp\/v2\/product_tag?post=1248"}],"curies":[{"name":"wp","href":"https:\/\/api.w.org\/{rel}","templated":true}]}}